{"id":2292,"date":"2026-01-03T12:07:25","date_gmt":"2026-01-03T12:07:25","guid":{"rendered":"https:\/\/sitex.uz\/travel\/?page_id=2292"},"modified":"2026-01-04T06:20:42","modified_gmt":"2026-01-04T06:20:42","slug":"termez","status":"publish","type":"page","link":"https:\/\/sitex.uz\/travel\/fr\/ouzbekistan\/termez\/","title":{"rendered":"Termez"},"content":{"rendered":"<section class=\"l-section wpb_row us_custom_14417885 height_medium with_img\"><div class=\"l-section-img\" role=\"img\" aria-label=\"Image\" data-img-width=\"1530\" data-img-height=\"855\" style=\"background-image: url(https:\/\/sitex.uz\/travel\/wp-content\/uploads\/2026\/01\/Untitled-design-2.jpg);background-repeat: no-repeat;\"><\/div><div class=\"l-section-overlay\" style=\"background:rgba(0,0,0,0.26)\"><\/div><div class=\"l-section-h i-cf\"><div class=\"g-cols vc_row via_flex valign_top type_default stacking_default\"><div class=\"vc_col-sm-3 wpb_column vc_column_container\"><div class=\"vc_column-inner\"><div class=\"wpb_wrapper\"><\/div><\/div><\/div><div class=\"vc_col-sm-6 wpb_column vc_column_container\"><div class=\"vc_column-inner\"><div class=\"wpb_wrapper\"><h2 class=\"w-post-elm post_title us_custom_f99046b1 has_text_color entry-title color_link_inherit\">Termez<\/h2><\/div><\/div><\/div><div class=\"vc_col-sm-3 wpb_column vc_column_container\"><div class=\"vc_column-inner\"><div class=\"wpb_wrapper\"><\/div><\/div><\/div><\/div><\/div><\/section><section class=\"l-section wpb_row height_medium\"><div class=\"l-section-h i-cf\"><div class=\"g-cols vc_row via_flex valign_top type_default stacking_default\"><div class=\"vc_col-sm-8 wpb_column vc_column_container\"><div class=\"vc_column-inner\"><div class=\"wpb_wrapper\"><div class=\"wpb_text_column us_custom_6df2ad6e has_text_color\"><div class=\"wpb_wrapper\"><p>Termez est l\u2019une des plus anciennes villes d\u2019Asie centrale et a occup\u00e9 une place particuli\u00e8re dans la formation des anciennes civilisations de l\u2019Orient. D\u2019apr\u00e8s les r\u00e9sultats des recherches arch\u00e9ologiques et les sources \u00e9crites, elle fut fond\u00e9e au Ve si\u00e8cle avant notre \u00e8re. Depuis le IIIe si\u00e8cle, Termez est consid\u00e9r\u00e9e comme un centre politique, \u00e9conomique et culturel tr\u00e8s d\u00e9velopp\u00e9 de la Bactriane. Termez joua un r\u00f4le essentiel comme pont pour la diffusion du bouddhisme vers l\u2019Est \u2014 en Chine, au Tibet et au Japon. L\u2019\u00e2ge d\u2019or et la p\u00e9riode la plus prosp\u00e8re de Termez correspondent au r\u00e8gne de l\u2019Empire kouchan. La ville de Termez se situe \u00e0 310 m au-dessus du niveau de la mer. La population est d\u2019environ 130 000 habitants.<\/p>\n<h3><strong>Complexe Sultan Saodat<\/strong><\/h3>\n<p><img loading=\"lazy\" decoding=\"async\" class=\"alignnone size-full wp-image-2282\" src=\"https:\/\/sitex.uz\/travel\/wp-content\/uploads\/2026\/01\/2-3.webp\" alt=\"\" width=\"1190\" height=\"665\" srcset=\"https:\/\/sitex.uz\/travel\/wp-content\/uploads\/2026\/01\/2-3.webp 1190w, https:\/\/sitex.uz\/travel\/wp-content\/uploads\/2026\/01\/2-3-300x168.webp 300w, https:\/\/sitex.uz\/travel\/wp-content\/uploads\/2026\/01\/2-3-1024x572.webp 1024w\" sizes=\"auto, (max-width: 1190px) 100vw, 1190px\" \/>Sultan Saodat, le \u00ab Domaine des sayyids \u00bb, est un complexe comm\u00e9moratif sacr\u00e9 form\u00e9 du XIIe au XVIIe si\u00e8cle autour des tombeaux des sayyids de Termez. Les sayyids sont les descendants du proph\u00e8te Muhammad. Le complexe couvre 4 hectares et se compose de 143 monuments. Le premier mausol\u00e9e date du XIe si\u00e8cle et appartient au fondateur des sayyids de Termez, Hasan al-Emir. La derni\u00e8re construction \u2014 le portail d\u2019entr\u00e9e qui cl\u00f4t la fa\u00e7ade est \u2014 fut \u00e9difi\u00e9e aux XVIIe\u2013XVIIIe si\u00e8cles.<\/p>\n<h3><strong>Forteresse Kirk-Kiz<\/strong><\/h3>\n<p><img loading=\"lazy\" decoding=\"async\" class=\"alignnone size-full wp-image-2283\" src=\"https:\/\/sitex.uz\/travel\/wp-content\/uploads\/2026\/01\/3-3.webp\" alt=\"\" width=\"1190\" height=\"665\" srcset=\"https:\/\/sitex.uz\/travel\/wp-content\/uploads\/2026\/01\/3-3.webp 1190w, https:\/\/sitex.uz\/travel\/wp-content\/uploads\/2026\/01\/3-3-300x168.webp 300w, https:\/\/sitex.uz\/travel\/wp-content\/uploads\/2026\/01\/3-3-1024x572.webp 1024w\" sizes=\"auto, (max-width: 1190px) 100vw, 1190px\" \/>Palais des souverains de Termez, dont le nom Kirk-Kiz signifie \u00ab Quarante jeunes filles \u00bb. Son histoire est \u00e9troitement li\u00e9e \u00e0 la l\u00e9gende d\u2019une jeune Amazone qui aurait v\u00e9cu un jour dans cette forteresse. Kirk-Kiz se trouve en dehors de l\u2019ancienne Termez, dans une zone appel\u00e9e Shahri-Saman, associ\u00e9e \u00e0 la dynastie samanide. Il est \u00e9tabli que les Samanides \u00e9taient les propri\u00e9taires de ce palais Kirk-Kiz. Il s\u2019agissait probablement d\u2019une r\u00e9sidence d\u2019\u00e9t\u00e9 de l\u2019\u00c9tat samanide. Le b\u00e2timent a un plan carr\u00e9 (54 \u00d7 54 m) et environ 50 pi\u00e8ces. Kirk-Kiz est une sorte de construction-mus\u00e9e et une exp\u00e9rience architecturale de l\u2019Asie centrale m\u00e9di\u00e9vale.<\/p>\n<h3><strong>Complexe Khakim at Termiziy<\/strong><strong><br \/>\n<\/strong><\/h3>\n<p><img loading=\"lazy\" decoding=\"async\" class=\"alignnone size-full wp-image-2284\" src=\"https:\/\/sitex.uz\/travel\/wp-content\/uploads\/2026\/01\/4-3.webp\" alt=\"\" width=\"1190\" height=\"665\" srcset=\"https:\/\/sitex.uz\/travel\/wp-content\/uploads\/2026\/01\/4-3.webp 1190w, https:\/\/sitex.uz\/travel\/wp-content\/uploads\/2026\/01\/4-3-300x168.webp 300w, https:\/\/sitex.uz\/travel\/wp-content\/uploads\/2026\/01\/4-3-1024x572.webp 1024w\" sizes=\"auto, (max-width: 1190px) 100vw, 1190px\" \/>Le complexe architectural de Khakim at Termiziy se situe sur le territoire de l\u2019ancienne Termez, non loin de la kala (forteresse), et s\u2019est form\u00e9 au fil des si\u00e8cles autour de la tombe de Khakim at Termiziy. C\u2019\u00e9tait un c\u00e9l\u00e8bre asc\u00e8te musulman et ma\u00eetre soufi, ayant v\u00e9cu au IXe si\u00e8cle, fondateur de l\u2019ordre soufi \u00ab Hakimi \u00bb. Les habitants l\u2019appellent Termez Ata (\u00ab le P\u00e8re de Termez \u00bb) et l\u2019honorent comme le saint protecteur de la ville. Son nom complet est Abu Abdullah Muhammad Ali bin Husen al-Khakim Termiziy, ce qui signifie \u00ab le Sage de Termez \u00bb. Le mausol\u00e9e fut construit en 1389\u20131390. \u00c0 la fin du XIVe si\u00e8cle, apr\u00e8s la conqu\u00eate de Temur, la tombe de Khakim at Termiziy fut recouverte de marbre blanc \u2014 un chef-d\u2019\u0153uvre de la sculpture sur pierre en Asie centrale. Au d\u00e9but du XVe si\u00e8cle, sous le r\u00e8gne du petit-fils de Temur connu sous le nom de Khalil Sultan, celui-ci ordonna la construction d\u2019une khanqah suppl\u00e9mentaire pour les derviches.<\/p>\n<h3><strong>Kara Tepa<\/strong><\/h3>\n<p><img loading=\"lazy\" decoding=\"async\" class=\"alignnone size-full wp-image-2285\" src=\"https:\/\/sitex.uz\/travel\/wp-content\/uploads\/2026\/01\/5-3.webp\" alt=\"\" width=\"1190\" height=\"665\" srcset=\"https:\/\/sitex.uz\/travel\/wp-content\/uploads\/2026\/01\/5-3.webp 1190w, https:\/\/sitex.uz\/travel\/wp-content\/uploads\/2026\/01\/5-3-300x168.webp 300w, https:\/\/sitex.uz\/travel\/wp-content\/uploads\/2026\/01\/5-3-1024x572.webp 1024w\" sizes=\"auto, (max-width: 1190px) 100vw, 1190px\" \/>Termez fut un pont pour la diffusion du bouddhisme en Asie de l\u2019Est. Les voyageurs peuvent y voir les ruines d\u2019un centre bouddhique. L\u2019un d\u2019eux s\u2019appelle Kara Tepa, ce qui signifie \u00ab Colline noire \u00bb. Kara Tepa fut utilis\u00e9 par les bouddhistes comme monast\u00e8re. Les fouilles arch\u00e9ologiques montrent que le monast\u00e8re fut construit au IIe si\u00e8cle. Dans les niches se trouvaient des statues du Bouddha et des bodhisattvas. Les arch\u00e9ologues ont \u00e9galement d\u00e9couvert des fragments de peintures pr\u00e9sentant le profil tr\u00e8s caract\u00e9ristique d\u2019un asc\u00e8te \u2014 un arhat \u2014 tourn\u00e9 vers le Bouddha.<\/p>\n<h3><strong>Fayaz Tepa<\/strong><strong><br \/>\n<\/strong><\/h3>\n<p><img loading=\"lazy\" decoding=\"async\" class=\"alignnone size-full wp-image-2286\" src=\"https:\/\/sitex.uz\/travel\/wp-content\/uploads\/2026\/01\/6-3.webp\" alt=\"\" width=\"1190\" height=\"665\" srcset=\"https:\/\/sitex.uz\/travel\/wp-content\/uploads\/2026\/01\/6-3.webp 1190w, https:\/\/sitex.uz\/travel\/wp-content\/uploads\/2026\/01\/6-3-300x168.webp 300w, https:\/\/sitex.uz\/travel\/wp-content\/uploads\/2026\/01\/6-3-1024x572.webp 1024w\" sizes=\"auto, (max-width: 1190px) 100vw, 1190px\" \/>Un autre monast\u00e8re bouddhique a \u00e9t\u00e9 nomm\u00e9 Fayaz Tepa par les arch\u00e9ologues. Il fut construit au IIe si\u00e8cle, puis abandonn\u00e9 de mani\u00e8re inattendue et d\u00e9truit au IIIe si\u00e8cle. Au Ve si\u00e8cle, il fut utilis\u00e9 comme lieu d\u2019inhumation de la dynastie des Hephtalites. Le monument appartient \u00e0 l\u2019Empire kouchan et constitue un bel exemple d\u2019architecture, de sculpture et de peintures murales kouchano-bactriennes. Apr\u00e8s le d\u00e9clin de l\u2019Empire kouchan, le bouddhisme perdit de sa popularit\u00e9 et le monast\u00e8re \u00e9tait d\u00e9j\u00e0 d\u00e9sert au Ve si\u00e8cle. Par la suite, le site fut utilis\u00e9 comme cimeti\u00e8re. Il est possible que l\u2019une des pi\u00e8ces ait ensuite servi de monast\u00e8re chr\u00e9tien.<\/p>\n<h3><strong>Zurmala<\/strong><strong><br \/>\n<\/strong><\/h3>\n<p><img loading=\"lazy\" decoding=\"async\" class=\"alignnone size-full wp-image-2287\" src=\"https:\/\/sitex.uz\/travel\/wp-content\/uploads\/2026\/01\/7-2.webp\" alt=\"\" width=\"1190\" height=\"665\" srcset=\"https:\/\/sitex.uz\/travel\/wp-content\/uploads\/2026\/01\/7-2.webp 1190w, https:\/\/sitex.uz\/travel\/wp-content\/uploads\/2026\/01\/7-2-300x168.webp 300w, https:\/\/sitex.uz\/travel\/wp-content\/uploads\/2026\/01\/7-2-1024x572.webp 1024w\" sizes=\"auto, (max-width: 1190px) 100vw, 1190px\" \/>La stupa de Zurmala faisait partie d\u2019un immense complexe bouddhique, mais au Moyen \u00c2ge la zone \u00e9tait d\u00e9j\u00e0 utilis\u00e9e comme champ. Seul le b\u00e2timent principal \u2014 la stupa gigantesque, d\u00e9pouill\u00e9e de son d\u00e9cor \u2014 a surv\u00e9cu \u00e0 travers les si\u00e8cles. Aujourd\u2019hui, c\u2019est une masse presque informe. Le diam\u00e8tre de la stupa est de 14,5 m et sa hauteur est de 16 m. La construction de Zurmala appartient au Grand Empire kouchan, et son \u00e9chelle prouve l\u2019importance de cet \u00e9difice dans l\u2019architecture bouddhique de Termez.<\/p>\n<\/div><\/div><\/div><\/div><\/div><div class=\"vc_col-sm-4 wpb_column vc_column_container\"><div class=\"vc_column-inner\"><div class=\"wpb_wrapper\">[vc_wp_custommenu title=&#8221;Villes d&#8217;Ouzb\u00e9kistan&#8221; nav_menu=&#8221;582&#8243;]<\/div><\/div><\/div><\/div><\/div><\/section>\n","protected":false},"excerpt":{"rendered":"TermezTermez est l\u2019une des plus anciennes villes d\u2019Asie centrale et a occup\u00e9 une place particuli\u00e8re dans la formation des anciennes civilisations de l\u2019Orient. D\u2019apr\u00e8s les r\u00e9sultats des recherches arch\u00e9ologiques et les sources \u00e9crites, elle fut fond\u00e9e au Ve si\u00e8cle avant notre \u00e8re. Depuis le IIIe si\u00e8cle, Termez est consid\u00e9r\u00e9e comme un centre politique, \u00e9conomique et...","protected":false},"author":1,"featured_media":2298,"parent":1365,"menu_order":13,"comment_status":"closed","ping_status":"closed","template":"","meta":{"_acf_changed":false,"footnotes":""},"class_list":["post-2292","page","type-page","status-publish","has-post-thumbnail","hentry"],"acf":[],"lang":"fr","translations":{"fr":2292,"de":2281,"en":2278,"ru":2290,"es":2294,"it":2296},"pll_sync_post":[],"_links":{"self":[{"href":"https:\/\/sitex.uz\/travel\/wp-json\/wp\/v2\/pages\/2292","targetHints":{"allow":["GET"]}}],"collection":[{"href":"https:\/\/sitex.uz\/travel\/wp-json\/wp\/v2\/pages"}],"about":[{"href":"https:\/\/sitex.uz\/travel\/wp-json\/wp\/v2\/types\/page"}],"author":[{"embeddable":true,"href":"https:\/\/sitex.uz\/travel\/wp-json\/wp\/v2\/users\/1"}],"replies":[{"embeddable":true,"href":"https:\/\/sitex.uz\/travel\/wp-json\/wp\/v2\/comments?post=2292"}],"version-history":[{"count":2,"href":"https:\/\/sitex.uz\/travel\/wp-json\/wp\/v2\/pages\/2292\/revisions"}],"predecessor-version":[{"id":2417,"href":"https:\/\/sitex.uz\/travel\/wp-json\/wp\/v2\/pages\/2292\/revisions\/2417"}],"up":[{"embeddable":true,"href":"https:\/\/sitex.uz\/travel\/wp-json\/wp\/v2\/pages\/1365"}],"wp:featuredmedia":[{"embeddable":true,"href":"https:\/\/sitex.uz\/travel\/wp-json\/wp\/v2\/media\/2298"}],"wp:attachment":[{"href":"https:\/\/sitex.uz\/travel\/wp-json\/wp\/v2\/media?parent=2292"}],"curies":[{"name":"wp","href":"https:\/\/api.w.org\/{rel}","templated":true}]}}